a)?
3
Let y(h) = -h - 3. Let x = -4 - -1. Let u be y(x). Suppose u*a = -2*a - 6, 27 = 5*v - 4*a. What are the prime factors of v?
3
Suppose -2*f + 8 + 22 = 0. What are the prime factors of f?
3, 5
Suppose -3*z = z + 2*w - 16, z = 2*w - 6. Let k(y) = -y**2 + 14*y - 19. Let s be k(12). Suppose -s*g - 13 = z, m + 2*g = -4. What are the prime factors of m?
2
Suppose 0 = k + 4, -3*x + 156 = x - 5*k. Let o = -24 + x. What are the prime factors of o?
2, 5
Let l(y) = y**3 + 3*y**2. Let p be l(-3). List the prime factors of (3 + p)/(9/51).
17
Let y = 4 + 0. Let j(l) = 4*l**2 - 8*l + 9. What are the prime factors of j(y)?
41
Let g be 9 + -6 - (-1 + -10). Suppose x - g = -2*r, 2*r - 2*x + 10 = 3*r. What are the prime factors of r?
2, 3
Let p(l) = -2*l + 1. Suppose -2*t - 8 = 4. Let m = t + 4. What are the prime factors of p(m)?
5
Suppose 5*d = 15, -3*d - d - 6 = -3*j. Let q(f) = -f**3 + 6*f**2 + 2*f + 8. What are the prime factors of q(j)?
2, 5
Suppose -2*d + 243 = 2*d - c, -c - 3 = 0. What are the prime factors of d?
2, 3, 5
Let d = 6 + -2. Suppose s + d = 3*h - 16, -4*s + 11 = h. What are the prime factors of h?
7
Let c(k) = -35*k - 3. What are the prime factors of c(-1)?
2
What are the prime factors of (38 - -1)*7/21?
13
Suppose 2*g - 69 - 185 = -2*t, -t - 4 = 0. Suppose -g = -2*z - 47. What are the prime factors of z?
2, 3, 7
Suppose 3*o + 145 = -0*c + 5*c, -74 = -2*c - 2*o. What are the prime factors of c?
2
What are the prime factors of (-405)/(-10)*(-8)/(-6)?
2, 3
Suppose -2*u + 96 = 2*s, 99 = 2*u - s - 3. Let i(r) = r**2 - r + 3. Let h be i(0). Suppose -2*m = h*m - u. What are the prime factors of m?
2, 5
Suppose -7*m = -239 - 1819. List the prime factors of m.
2, 3, 7
Let r(z) = -26*z - 7. List the prime factors of r(-2).
3, 5
Let s(m) be the first derivative of -m**3/3 + m**2 + 3. Let z be s(2). Suppose z = 2*u - 6 - 4. What are the prime factors of u?
5
Let n(w) be the first derivative of w**2/2 - 10*w - 1. Let o be n(6). List the prime factors of (-34)/(-6)*(-1 - o).
17
Let j = 41 + 78. List the prime factors of j.
7, 17
List the prime factors of -4 - -2 - -5 - 1.
2
Let v(k) = 10*k + 2. Suppose 5*b + 32 = 4*d + 6, 0 = 2*d - b - 10. What are the prime factors of v(d)?
2, 3, 7
Suppose 4*b - 4*v - v + 5 = 0, -4*b + v - 17 = 0. List the prime factors of 14 - 2 - (-3 - b).
2, 5
Suppose 4*i + 2*b = -0*b - 96, 5*i + 2*b = -119. Let d = i + 38. What are the prime factors of (d - (-4)/(-2)) + -1?
2, 3
Let l = -2 - -7. Suppose 0 = -2*i + 3 + 19. Let h = i - l. What are the prime factors of h?
2, 3
Let y(f) = -f**2 + 5*f - 1. Let n be y(5). Let i = 38 - n. List the prime factors of i.
3, 13
Suppose -5*i + 0*x = -4*x - 27, -4*x = 12. Suppose -i*g - g + 39 = -l, 4*l = g - 6. List the prime factors of g.
2, 5
Let r be ((-4)/(-8))/(2/8). Suppose r*c + 81 = -c. What are the prime factors of 6/27 + (-264)/c?
2, 5
Let g(a) be the third derivative of -17*a**4/24 + a**3/2 + 2*a**2. List the prime factors of g(-3).
2, 3
Suppose 2*i - 10 = -0. Suppose -3*s = -i*s + 40. Suppose -5*n = -4*n - 3*f - 32, s = 2*n + 5*f. What are the prime factors of n?
2, 5
Suppose -4*c + 19 = -4*m - 1, m - 19 = -5*c. Suppose c*b - 130 + 38 = 0. List the prime factors of b.
23
Let v = 58 - 55. What are the prime factors of v?
3
Suppose -5 = -g - 1. Suppose -a - 2*a = -j + 7, g*j - a = 17. Suppose -k + 20 = j. List the prime factors of k.
2
Let h(z) = 4*z**2 - 3*z**2 + 2*z + 5*z**2 - 1. Let w = -3 + 4. What are the prime factors of h(w)?
7
Suppose j = 3*y - 7, -5*y - 6*j + j = -25. Suppose 0 = 4*w + 2*t - 36, y*w + 19 - 46 = 4*t. List the prime factors of w.
3
Suppose -3*b + 5*i + 47 = 0, 0 = 5*b + 3*i - 28 - 39. Let c = -11 + b. List the prime factors of c.
3
Let v(y) = 8*y**2 - 6*y**2 + 2*y - 11 - 11*y. Let g be v(8). Suppose 2*d - 3*b - g = -d, -5*d + 3*b + 81 = 0. What are the prime factors of d?
2, 3
Let w = 26 - 15. Suppose -2*v + w = 7. List the prime factors of v.
2
Suppose -i + 104 = 4*f, 2*f - 253 = -2*i + 3*f. What are the prime factors of i?
2, 31
Suppose 1 = d - 5*p, 30 - 11 = 3*d + p. Let l(r) = 4*r + 4. Let m be l(d). Suppose 3*t - m = 2. What are the prime factors of t?
2, 5
Suppose 0 = c - 2 - 8. Let o = -7 + c. Suppose o*a - 45 = -2*a. List the prime factors of a.
3
Suppose 0 = 9*l - 54 - 198. List the prime factors of l.
2, 7
Let h = -31 - -52. Let t = h + -14. What are the prime factors of t?
7
Let l(a) = -a**3 + 9*a**2 + 17. What are the prime factors of l(9)?
17
Let b = 35 - -1. What are the prime factors of b?
2, 3
Suppose 232 = 2*k - 4*b, -434 = 3*k - 7*k + 2*b. List the prime factors of k.
2, 53
Suppose -4*g - 4*h + 246 = -6*h, h = -5. List the prime factors of g.
59
Let b(p) = p**3 - p**2 + 2. Let m be b(0). Let y be ((-1)/m*0)/(-1). List the prime factors of (y - 1)/(4/(-16)).
2
Let d = 21 + 0. What are the prime factors of (90/(-21))/((-3)/d)?
2, 3, 5
Let x be 1/(-5) + 2/10. Suppose -4*h + 28 = -x*h. What are the prime factors of h?
7
Suppose 4*m - 5*m = 3*o - 8, 0 = 2*o - 5*m - 28. Let q(h) = 0 + 3*h + 0. What are the prime factors of q(o)?
2, 3
Suppose 0 = p - 10 - 4. Let i = 23 - p. List the prime factors of i.
3
Let t(m) be the second derivative of m**5/20 - m**4/3 + m**3 - m**2 - 5*m. What are the prime factors of t(4)?
2, 11
Let b = -30 - -81. List the prime factors of b.
3, 17
Let d(g) = 4*g**2 - 8*g + 3. Let y(t) = 2*t**2 - 4*t + 2. Let c(o) = 3*d(o) - 5*y(o). Suppose 2*k - 3 = k. What are the prime factors of c(k)?
5
Suppose -2*j + 15 + 39 = 0. List the prime factors of j.
3
Suppose -3 + 4 = z. Let m(k) = 13*k**3 - k**2 + k. List the prime factors of m(z).
13
What are the prime factors of (0 + -12 + 3)*-15?
3, 5
Let k(l) be the second derivative of 2*l**3/3 - l**2/2 - 5*l. What are the prime factors of k(6)?
23
Let s(v) = -v**2 - 14*v + 4. Let w be s(-14). Let q = w + 6. What are the prime factors of q?
2, 5
Let w be 48/18 - 4/6. Let t = 20 - w. What are the prime factors of t?
2, 3
Suppose 27 = 3*p - 3. Suppose -4*h - 6 = -h. What are the prime factors of ((-18)/30)/(h/p)?
3
Let o be (-9)/2*(-8)/12. Suppose 4*a + 5*q + 57 = 0, 2*q = -4*a + o*q - 75. Let r = 27 + a. List the prime factors of r.
3
List the prime factors of (1144/110)/(0 + (-2)/(-15)).
2, 3, 13
Let r(n) = 1 + n + 0*n - 2*n + 2*n. Let k be r(5). Suppose -k = -2*d + 10. List the prime factors of d.
2
What are the prime factors of (-1)/((-148)/(-50) + -3)?
5
Suppose -5*y + 28 + 2 = 0. Suppose 6 = 4*n - y. Suppose -n*g = -2*g - 3. List the prime factors of g.
3
Let q = -34 - -60. List the prime factors of q.
2, 13
Let y = 0 - -4. Let p be (-50)/y + (-2)/4. Let b = 19 + p. List the prime factors of b.
2, 3
Let c(l) = -l + 1. Let o be c(-2). Suppose -o*y + 2 = -4. What are the prime factors of y?
2
Suppose 8 = c + g, -3*c + 4 = -c - g. Suppose -2*s + p + c*p = 9, -5*p + 33 = -4*s. List the prime factors of 1 + (2 - 0) - s.
3, 5
Suppose 0*s + 5*s = 15. Let d = 6 - s. Suppose 0 = 2*p - c - 17, d*c = -5*p + 4*c + 50. What are the prime factors of p?
11
Suppose -4*q = 3*n - 21, 0 = -2*q - 0*q + 2*n. Suppose -27 - 72 = -q*m. List the prime factors of m.
3, 11
Let v be -5*((-3 - -5) + -3). Suppose -7 + 72 = v*b. What are the prime factors of b?
13
Suppose 0 = c + 3*c - 68. Suppose c = -5*u + 42. What are the prime factors of u?
5
Let b(z) be the second derivative of -2*z**2 - 1/20*z**5 + 3*z + 0 + 5/6*z**3 + 1/4*z**4. List the prime factors of b(3).
11
Let k(c) = 2*c + 2. Let p be k(7). Suppose 0 = -4*v + 4*t + 16, 2*t = -5*v + 3*v + p. Let y = -3 + v. List the prime factors of y.
3
Suppose 5*c + 510 = 10*c. List the prime factors of c.
2, 3, 17
Let a = 116 - 82. List the prime factors of a.
2, 17
Suppose 17 = 3*t + 4*b - 2*b, 4*t = -5*b + 32. List the prime factors of 7 + t + -4 + 1.
7
Suppose -4*r + 67 = -221. List the prime factors of r.
2, 3
Let u = 3 + -1. Let k be (-4 - (-2 - 0)) + 2. Suppose k = -u*v - v + 6, -5*v - 23 = -3*r. List the prime factors of r.
11
Suppose -3*y = -6*y + 357. What are the prime factors of y?
7, 17
What are the prime factors of 6 + -3 + 3*9?
2, 3, 5
Let m(x) = -8*x - x - 2 - x**2 + 0*x**2. Let k be m(-9). List the prime factors of (4/7)/(k/(-7)).
2
List the prime factors of (1*15)/((-27)/(-144)).
2, 5
Let j(s) = 5*s - 3. Suppose 5*n = 2*q - 3 - 0, 4*q = 3*n + 1